{"id":226,"date":"2024-07-23T12:24:53","date_gmt":"2024-07-23T10:24:53","guid":{"rendered":"https:\/\/grenfestival.com\/?page_id=226"},"modified":"2024-10-07T11:21:19","modified_gmt":"2024-10-07T09:21:19","slug":"qui-sommes-nous","status":"publish","type":"page","link":"https:\/\/grenfestival.com\/index.php\/qui-sommes-nous\/","title":{"rendered":"Qui Sommes nous?"},"content":{"rendered":"\n<p>Les Z\u2019Amizels est une association loi 1901 qui a vu le jour en novembre 2002. L\u2019objet&nbsp; de celle-ci est de \u00ab&nbsp;r\u00e9unir des jeunes afin de cr\u00e9er des liens entre diff\u00e9rentes tranches&nbsp; d\u2019\u00e2ge, pour proc\u00e9der \u00e0 des activit\u00e9s culturelles, sportives et de loisirs ayant pour int\u00e9r\u00eat le&nbsp; d\u00e9veloppement de la solidarit\u00e9 et des \u00e9changes entre les jeunes&nbsp;\u00bb.&nbsp;&nbsp;<\/p>\n\n\n\n<p>Jusqu\u2019en 2005, nous organisons des soir\u00e9es jeunes. Celles-ci ont renforc\u00e9 les liens entre les b\u00e9n\u00e9voles et ont fait conna\u00eetre l\u2019\u00e9quipe aupr\u00e8s des villages voisins.&nbsp;<\/p>\n\n\n\n<p>En 2006, Gr\u00e9goire et Thibaut reprennent l\u2019association, avec comme objectif l\u2019organisation&nbsp; d\u2019un <strong>concert<\/strong>. Gr\u00e2ce \u00e0 l\u2019aide de la Mairie et aux b\u00e9n\u00e9voles nous organisons la venue de <strong>Danakil<\/strong>.&nbsp;<\/p>\n\n\n\n<p>En 2010, Les Z\u2019Amizels lancent le \u00ab&nbsp;<strong>GrEn Fest<\/strong>&nbsp;\u00bb, en hommage \u00e0 Greg et Ben, disparus dans&nbsp; des accidents de la route (Le nom du festival vient de la contraction de leurs pr\u00e9noms).&nbsp;&nbsp;<\/p>\n\n\n\n<p>Et depuis, nous nous retrouvons tous les ans pour proposer un \u00e9v\u00e8nement <strong>artistique et convivial&nbsp;!&nbsp;&nbsp;<\/strong><\/p>\n\n\n\n<p>L\u2019exp\u00e9rience accumul\u00e9e depuis et l\u2019int\u00e9gration de nouvelles forces vives au sein de&nbsp; l\u2019association a permis au GrEn Festival de se faire un nom dans l\u2019espace des festivals&nbsp; alternatifs de la r\u00e9gion.&nbsp;<\/p>\n\n\n\n<p>2024 sera la 15\u00e8me \u00e9dition du GrEn Festival !!!<\/p>\n\n\n\n<p><\/p>\n\n\n\n<p><\/p>\n\n\n\n<p><strong>L&rsquo;\u00e9tat d&rsquo;esprit du GrEn Fest<\/strong><\/p>\n\n\n\n<p>Depuis l\u2019origine de l\u2019association, c\u2019est l\u2019amiti\u00e9 entre les b\u00e9n\u00e9voles qui a en partie cr\u00e9\u00e9&nbsp; l\u2019identit\u00e9 des Z\u2019Amizels. C\u2019est \u00e0 travers les moments de vie pass\u00e9s ensemble, les voyages,&nbsp; les concerts, les f\u00eates que les diff\u00e9rentes g\u00e9n\u00e9rations qui composent l\u2019\u00e9quipe de b\u00e9n\u00e9voles&nbsp; se sont renforc\u00e9es \u00e0 force de rencontres, d\u2019\u00e9changes et de partage.&nbsp;&nbsp;<\/p>\n\n\n\n<p>L\u2019ouverture sur le monde se fait tous les jours, le GrEnFest n\u2019en est qu\u2019un t\u00e9moin r\u00e9gulier.&nbsp; Cr\u00e9er des espaces d\u2019expression, r\u00e9unir de la diversit\u00e9, valoriser les initiatives positives,&nbsp; tol\u00e9rer la diff\u00e9rence&nbsp;; au fil des ann\u00e9es, l\u2019\u00e9v\u00e9nement a su \u00e9voluer et se diversifier.&nbsp;&nbsp;<\/p>\n\n\n\n<p>Les diff\u00e9rentes \u00e9ditions ont pu proposer aux festivaliers une pluridisciplinarit\u00e9&nbsp;:&nbsp;<\/p>\n\n\n\n<p>\u2022 Sc\u00e8ne Ouverte<\/p>\n\n\n\n<p>\u2022 Th\u00e9\u00e2tre d\u2019Impro&nbsp;<\/p>\n\n\n\n<p>\u2022 Humour&nbsp;<\/p>\n\n\n\n<p>\u2022 Concerts&nbsp;<\/p>\n\n\n\n<p>\u2022 Expo&nbsp;<\/p>\n\n\n\n<p>\u2022 Artisanat&nbsp;<\/p>\n\n\n\n<p>\u2022 Stunt&nbsp;<\/p>\n\n\n\n<p>\u2022 Sound System&nbsp;<\/p>\n\n\n\n<p>\u2022 Activit\u00e9s Sportives et Artistiques&nbsp;<\/p>\n\n\n\n<p>\u2022 March\u00e9 Artisanal&nbsp;<\/p>\n\n\n\n<p>\u2022 Spectacles de cirque<\/p>\n\n\n\n<p>Cette diversit\u00e9 artistique donne \u00e0 cette bande de potes l\u2019envie de continuer de r\u00eaver. C\u2019est&nbsp; \u00e0 coup s\u00fbr r\u00e9ussi le temps du festival, o\u00f9 le temps s\u2019arr\u00eate, et o\u00f9 la bonne humeur et la&nbsp; convivialit\u00e9 sont les ma\u00eetres mots.&nbsp;&nbsp;<\/p>\n\n\n\n<p>L\u2019ambition du GrEnFest, c\u2019est justement de proposer un \u00e9v\u00e9nement \u00ab\u00a0les pieds sur terre et la t\u00eate dans les nuages\u00a0\u00bb, et de faire en sorte que les festivaliers repartent blind\u00e9 d&rsquo;\u00e9nergie et de vibrations positives pour aller accomplir leurs r\u00eaves.&nbsp;<\/p>\n\n\n\n<figure class=\"wp-block-gallery has-nested-images columns-default is-cropped wp-block-gallery-1 is-layout-flex wp-block-gallery-is-layout-flex\">\n<figure class=\"wp-block-image size-large\"><img loading=\"lazy\" decoding=\"async\" width=\"683\" height=\"1024\" data-id=\"502\" src=\"https:\/\/grenfestival.com\/wp-content\/uploads\/2024\/10\/IMG_3640-683x1024.jpg\" alt=\"\" class=\"wp-image-502\" srcset=\"https:\/\/grenfestival.com\/wp-content\/uploads\/2024\/10\/IMG_3640-683x1024.jpg 683w, https:\/\/grenfestival.com\/wp-content\/uploads\/2024\/10\/IMG_3640-200x300.jpg 200w, https:\/\/grenfestival.com\/wp-content\/uploads\/2024\/10\/IMG_3640-768x1152.jpg 768w, https:\/\/grenfestival.com\/wp-content\/uploads\/2024\/10\/IMG_3640-1024x1536.jpg 1024w, https:\/\/grenfestival.com\/wp-content\/uploads\/2024\/10\/IMG_3640-1365x2048.jpg 1365w, https:\/\/grenfestival.com\/wp-content\/uploads\/2024\/10\/IMG_3640-scaled.jpg 1707w\" sizes=\"auto, (max-width: 683px) 100vw, 683px\" \/><\/figure>\n\n\n\n<figure class=\"wp-block-image size-large\"><img loading=\"lazy\" decoding=\"async\" width=\"683\" height=\"1024\" data-id=\"503\" src=\"https:\/\/grenfestival.com\/wp-content\/uploads\/2024\/10\/IMG_3642-683x1024.jpg\" alt=\"\" class=\"wp-image-503\" srcset=\"https:\/\/grenfestival.com\/wp-content\/uploads\/2024\/10\/IMG_3642-683x1024.jpg 683w, https:\/\/grenfestival.com\/wp-content\/uploads\/2024\/10\/IMG_3642-200x300.jpg 200w, https:\/\/grenfestival.com\/wp-content\/uploads\/2024\/10\/IMG_3642-768x1152.jpg 768w, https:\/\/grenfestival.com\/wp-content\/uploads\/2024\/10\/IMG_3642-1024x1536.jpg 1024w, https:\/\/grenfestival.com\/wp-content\/uploads\/2024\/10\/IMG_3642-1365x2048.jpg 1365w, https:\/\/grenfestival.com\/wp-content\/uploads\/2024\/10\/IMG_3642-scaled.jpg 1707w\" sizes=\"auto, (max-width: 683px) 100vw, 683px\" \/><\/figure>\n\n\n\n<figure class=\"wp-block-image size-large\"><img loading=\"lazy\" decoding=\"async\" width=\"683\" height=\"1024\" data-id=\"504\" src=\"https:\/\/grenfestival.com\/wp-content\/uploads\/2024\/10\/IMG_3697-683x1024.jpg\" alt=\"\" class=\"wp-image-504\" srcset=\"https:\/\/grenfestival.com\/wp-content\/uploads\/2024\/10\/IMG_3697-683x1024.jpg 683w, https:\/\/grenfestival.com\/wp-content\/uploads\/2024\/10\/IMG_3697-200x300.jpg 200w, https:\/\/grenfestival.com\/wp-content\/uploads\/2024\/10\/IMG_3697-768x1152.jpg 768w, https:\/\/grenfestival.com\/wp-content\/uploads\/2024\/10\/IMG_3697-1024x1536.jpg 1024w, https:\/\/grenfestival.com\/wp-content\/uploads\/2024\/10\/IMG_3697-1365x2048.jpg 1365w, https:\/\/grenfestival.com\/wp-content\/uploads\/2024\/10\/IMG_3697-scaled.jpg 1707w\" sizes=\"auto, (max-width: 683px) 100vw, 683px\" \/><\/figure>\n\n\n\n<figure class=\"wp-block-image size-large\"><img loading=\"lazy\" decoding=\"async\" width=\"1024\" height=\"683\" data-id=\"505\" src=\"https:\/\/grenfestival.com\/wp-content\/uploads\/2024\/10\/IMG_3714-1024x683.jpg\" alt=\"\" class=\"wp-image-505\" srcset=\"https:\/\/grenfestival.com\/wp-content\/uploads\/2024\/10\/IMG_3714-1024x683.jpg 1024w, https:\/\/grenfestival.com\/wp-content\/uploads\/2024\/10\/IMG_3714-300x200.jpg 300w, https:\/\/grenfestival.com\/wp-content\/uploads\/2024\/10\/IMG_3714-768x512.jpg 768w, https:\/\/grenfestival.com\/wp-content\/uploads\/2024\/10\/IMG_3714-1536x1024.jpg 1536w, https:\/\/grenfestival.com\/wp-content\/uploads\/2024\/10\/IMG_3714-2048x1365.jpg 2048w\" sizes=\"auto, (max-width: 767px) 89vw, (max-width: 1000px) 54vw, (max-width: 1071px) 543px, 580px\" \/><\/figure>\n\n\n\n<figure class=\"wp-block-image size-large\"><img loading=\"lazy\" decoding=\"async\" width=\"683\" height=\"1024\" data-id=\"506\" src=\"https:\/\/grenfestival.com\/wp-content\/uploads\/2024\/10\/IMG_3719-683x1024.jpg\" alt=\"\" class=\"wp-image-506\" srcset=\"https:\/\/grenfestival.com\/wp-content\/uploads\/2024\/10\/IMG_3719-683x1024.jpg 683w, https:\/\/grenfestival.com\/wp-content\/uploads\/2024\/10\/IMG_3719-200x300.jpg 200w, https:\/\/grenfestival.com\/wp-content\/uploads\/2024\/10\/IMG_3719-768x1152.jpg 768w, https:\/\/grenfestival.com\/wp-content\/uploads\/2024\/10\/IMG_3719-1024x1536.jpg 1024w, https:\/\/grenfestival.com\/wp-content\/uploads\/2024\/10\/IMG_3719-1365x2048.jpg 1365w, https:\/\/grenfestival.com\/wp-content\/uploads\/2024\/10\/IMG_3719-scaled.jpg 1707w\" sizes=\"auto, (max-width: 683px) 100vw, 683px\" \/><\/figure>\n\n\n\n<figure class=\"wp-block-image size-large\"><img loading=\"lazy\" decoding=\"async\" width=\"683\" height=\"1024\" data-id=\"507\" src=\"https:\/\/grenfestival.com\/wp-content\/uploads\/2024\/10\/IMG_3064-683x1024.jpg\" alt=\"\" class=\"wp-image-507\" srcset=\"https:\/\/grenfestival.com\/wp-content\/uploads\/2024\/10\/IMG_3064-683x1024.jpg 683w, https:\/\/grenfestival.com\/wp-content\/uploads\/2024\/10\/IMG_3064-200x300.jpg 200w, https:\/\/grenfestival.com\/wp-content\/uploads\/2024\/10\/IMG_3064-768x1152.jpg 768w, https:\/\/grenfestival.com\/wp-content\/uploads\/2024\/10\/IMG_3064-1024x1536.jpg 1024w, https:\/\/grenfestival.com\/wp-content\/uploads\/2024\/10\/IMG_3064-1365x2048.jpg 1365w, https:\/\/grenfestival.com\/wp-content\/uploads\/2024\/10\/IMG_3064-scaled.jpg 1707w\" sizes=\"auto, (max-width: 683px) 100vw, 683px\" \/><\/figure>\n\n\n\n<figure class=\"wp-block-image size-large\"><img loading=\"lazy\" decoding=\"async\" width=\"683\" height=\"1024\" data-id=\"508\" src=\"https:\/\/grenfestival.com\/wp-content\/uploads\/2024\/10\/IMG_3362-683x1024.jpg\" alt=\"\" class=\"wp-image-508\" srcset=\"https:\/\/grenfestival.com\/wp-content\/uploads\/2024\/10\/IMG_3362-683x1024.jpg 683w, https:\/\/grenfestival.com\/wp-content\/uploads\/2024\/10\/IMG_3362-200x300.jpg 200w, https:\/\/grenfestival.com\/wp-content\/uploads\/2024\/10\/IMG_3362-768x1152.jpg 768w, https:\/\/grenfestival.com\/wp-content\/uploads\/2024\/10\/IMG_3362-1024x1536.jpg 1024w, https:\/\/grenfestival.com\/wp-content\/uploads\/2024\/10\/IMG_3362-1365x2048.jpg 1365w, https:\/\/grenfestival.com\/wp-content\/uploads\/2024\/10\/IMG_3362-scaled.jpg 1707w\" sizes=\"auto, (max-width: 683px) 100vw, 683px\" \/><\/figure>\n\n\n\n<figure class=\"wp-block-image size-large\"><img loading=\"lazy\" decoding=\"async\" width=\"683\" height=\"1024\" data-id=\"509\" src=\"https:\/\/grenfestival.com\/wp-content\/uploads\/2024\/10\/IMG_3363-683x1024.jpg\" alt=\"\" class=\"wp-image-509\" srcset=\"https:\/\/grenfestival.com\/wp-content\/uploads\/2024\/10\/IMG_3363-683x1024.jpg 683w, https:\/\/grenfestival.com\/wp-content\/uploads\/2024\/10\/IMG_3363-200x300.jpg 200w, https:\/\/grenfestival.com\/wp-content\/uploads\/2024\/10\/IMG_3363-768x1152.jpg 768w, https:\/\/grenfestival.com\/wp-content\/uploads\/2024\/10\/IMG_3363-1024x1536.jpg 1024w, https:\/\/grenfestival.com\/wp-content\/uploads\/2024\/10\/IMG_3363-1365x2048.jpg 1365w, https:\/\/grenfestival.com\/wp-content\/uploads\/2024\/10\/IMG_3363-scaled.jpg 1707w\" sizes=\"auto, (max-width: 683px) 100vw, 683px\" \/><\/figure>\n\n\n\n<figure class=\"wp-block-image size-large\"><img loading=\"lazy\" decoding=\"async\" width=\"683\" height=\"1024\" data-id=\"510\" src=\"https:\/\/grenfestival.com\/wp-content\/uploads\/2024\/10\/IMG_3364-683x1024.jpg\" alt=\"\" class=\"wp-image-510\" srcset=\"https:\/\/grenfestival.com\/wp-content\/uploads\/2024\/10\/IMG_3364-683x1024.jpg 683w, https:\/\/grenfestival.com\/wp-content\/uploads\/2024\/10\/IMG_3364-200x300.jpg 200w, https:\/\/grenfestival.com\/wp-content\/uploads\/2024\/10\/IMG_3364-768x1152.jpg 768w, https:\/\/grenfestival.com\/wp-content\/uploads\/2024\/10\/IMG_3364-1024x1536.jpg 1024w, https:\/\/grenfestival.com\/wp-content\/uploads\/2024\/10\/IMG_3364-1365x2048.jpg 1365w, https:\/\/grenfestival.com\/wp-content\/uploads\/2024\/10\/IMG_3364-scaled.jpg 1707w\" sizes=\"auto, (max-width: 683px) 100vw, 683px\" \/><\/figure>\n\n\n\n<figure class=\"wp-block-image size-large\"><img loading=\"lazy\" decoding=\"async\" width=\"683\" height=\"1024\" data-id=\"511\" src=\"https:\/\/grenfestival.com\/wp-content\/uploads\/2024\/10\/IMG_3365-683x1024.jpg\" alt=\"\" class=\"wp-image-511\" srcset=\"https:\/\/grenfestival.com\/wp-content\/uploads\/2024\/10\/IMG_3365-683x1024.jpg 683w, https:\/\/grenfestival.com\/wp-content\/uploads\/2024\/10\/IMG_3365-200x300.jpg 200w, https:\/\/grenfestival.com\/wp-content\/uploads\/2024\/10\/IMG_3365-768x1152.jpg 768w, https:\/\/grenfestival.com\/wp-content\/uploads\/2024\/10\/IMG_3365-1024x1536.jpg 1024w, https:\/\/grenfestival.com\/wp-content\/uploads\/2024\/10\/IMG_3365-1365x2048.jpg 1365w, https:\/\/grenfestival.com\/wp-content\/uploads\/2024\/10\/IMG_3365-scaled.jpg 1707w\" sizes=\"auto, (max-width: 683px) 100vw, 683px\" \/><\/figure>\n\n\n\n<figure class=\"wp-block-image size-large\"><img loading=\"lazy\" decoding=\"async\" width=\"1024\" height=\"683\" data-id=\"512\" src=\"https:\/\/grenfestival.com\/wp-content\/uploads\/2024\/10\/IMG_3631-1024x683.jpg\" alt=\"\" class=\"wp-image-512\" srcset=\"https:\/\/grenfestival.com\/wp-content\/uploads\/2024\/10\/IMG_3631-1024x683.jpg 1024w, https:\/\/grenfestival.com\/wp-content\/uploads\/2024\/10\/IMG_3631-300x200.jpg 300w, https:\/\/grenfestival.com\/wp-content\/uploads\/2024\/10\/IMG_3631-768x512.jpg 768w, https:\/\/grenfestival.com\/wp-content\/uploads\/2024\/10\/IMG_3631-1536x1024.jpg 1536w, https:\/\/grenfestival.com\/wp-content\/uploads\/2024\/10\/IMG_3631-2048x1365.jpg 2048w\" sizes=\"auto, (max-width: 767px) 89vw, (max-width: 1000px) 54vw, (max-width: 1071px) 543px, 580px\" \/><\/figure>\n\n\n\n<figure class=\"wp-block-image size-large\"><img loading=\"lazy\" decoding=\"async\" width=\"683\" height=\"1024\" data-id=\"513\" src=\"https:\/\/grenfestival.com\/wp-content\/uploads\/2024\/10\/IMG_3637-683x1024.jpg\" alt=\"\" class=\"wp-image-513\" srcset=\"https:\/\/grenfestival.com\/wp-content\/uploads\/2024\/10\/IMG_3637-683x1024.jpg 683w, https:\/\/grenfestival.com\/wp-content\/uploads\/2024\/10\/IMG_3637-200x300.jpg 200w, https:\/\/grenfestival.com\/wp-content\/uploads\/2024\/10\/IMG_3637-768x1152.jpg 768w, https:\/\/grenfestival.com\/wp-content\/uploads\/2024\/10\/IMG_3637-1024x1536.jpg 1024w, https:\/\/grenfestival.com\/wp-content\/uploads\/2024\/10\/IMG_3637-1365x2048.jpg 1365w, https:\/\/grenfestival.com\/wp-content\/uploads\/2024\/10\/IMG_3637-scaled.jpg 1707w\" sizes=\"auto, (max-width: 683px) 100vw, 683px\" \/><\/figure>\n\n\n\n<figure class=\"wp-block-image size-large\"><img loading=\"lazy\" decoding=\"async\" width=\"1024\" height=\"683\" data-id=\"514\" src=\"https:\/\/grenfestival.com\/wp-content\/uploads\/2024\/10\/3-IMG_6432-1024x683.jpg\" alt=\"\" class=\"wp-image-514\" srcset=\"https:\/\/grenfestival.com\/wp-content\/uploads\/2024\/10\/3-IMG_6432-1024x683.jpg 1024w, https:\/\/grenfestival.com\/wp-content\/uploads\/2024\/10\/3-IMG_6432-300x200.jpg 300w, https:\/\/grenfestival.com\/wp-content\/uploads\/2024\/10\/3-IMG_6432-768x512.jpg 768w, https:\/\/grenfestival.com\/wp-content\/uploads\/2024\/10\/3-IMG_6432-1536x1024.jpg 1536w, https:\/\/grenfestival.com\/wp-content\/uploads\/2024\/10\/3-IMG_6432-2048x1365.jpg 2048w\" sizes=\"auto, (max-width: 767px) 89vw, (max-width: 1000px) 54vw, (max-width: 1071px) 543px, 580px\" \/><\/figure>\n\n\n\n<figure class=\"wp-block-image size-large\"><img loading=\"lazy\" decoding=\"async\" width=\"1024\" height=\"683\" data-id=\"515\" src=\"https:\/\/grenfestival.com\/wp-content\/uploads\/2024\/10\/4-IMG_6435-1024x683.jpg\" alt=\"\" class=\"wp-image-515\" srcset=\"https:\/\/grenfestival.com\/wp-content\/uploads\/2024\/10\/4-IMG_6435-1024x683.jpg 1024w, https:\/\/grenfestival.com\/wp-content\/uploads\/2024\/10\/4-IMG_6435-300x200.jpg 300w, https:\/\/grenfestival.com\/wp-content\/uploads\/2024\/10\/4-IMG_6435-768x512.jpg 768w, https:\/\/grenfestival.com\/wp-content\/uploads\/2024\/10\/4-IMG_6435-1536x1024.jpg 1536w, https:\/\/grenfestival.com\/wp-content\/uploads\/2024\/10\/4-IMG_6435-2048x1365.jpg 2048w\" sizes=\"auto, (max-width: 767px) 89vw, (max-width: 1000px) 54vw, (max-width: 1071px) 543px, 580px\" \/><\/figure>\n\n\n\n<figure class=\"wp-block-image size-large\"><img loading=\"lazy\" decoding=\"async\" width=\"1024\" height=\"683\" data-id=\"516\" src=\"https:\/\/grenfestival.com\/wp-content\/uploads\/2024\/10\/4-IMG_6480-1024x683.jpg\" alt=\"\" class=\"wp-image-516\" srcset=\"https:\/\/grenfestival.com\/wp-content\/uploads\/2024\/10\/4-IMG_6480-1024x683.jpg 1024w, https:\/\/grenfestival.com\/wp-content\/uploads\/2024\/10\/4-IMG_6480-300x200.jpg 300w, https:\/\/grenfestival.com\/wp-content\/uploads\/2024\/10\/4-IMG_6480-768x512.jpg 768w, https:\/\/grenfestival.com\/wp-content\/uploads\/2024\/10\/4-IMG_6480-1536x1024.jpg 1536w, https:\/\/grenfestival.com\/wp-content\/uploads\/2024\/10\/4-IMG_6480-2048x1365.jpg 2048w\" sizes=\"auto, (max-width: 767px) 89vw, (max-width: 1000px) 54vw, (max-width: 1071px) 543px, 580px\" \/><\/figure>\n\n\n\n<figure class=\"wp-block-image size-large\"><img loading=\"lazy\" decoding=\"async\" width=\"1024\" height=\"578\" data-id=\"517\" src=\"https:\/\/grenfestival.com\/wp-content\/uploads\/2024\/10\/IMG_20171021_202450-1024x578.jpg\" alt=\"\" class=\"wp-image-517\" srcset=\"https:\/\/grenfestival.com\/wp-content\/uploads\/2024\/10\/IMG_20171021_202450-1024x578.jpg 1024w, https:\/\/grenfestival.com\/wp-content\/uploads\/2024\/10\/IMG_20171021_202450-300x169.jpg 300w, https:\/\/grenfestival.com\/wp-content\/uploads\/2024\/10\/IMG_20171021_202450-768x434.jpg 768w, https:\/\/grenfestival.com\/wp-content\/uploads\/2024\/10\/IMG_20171021_202450-1536x867.jpg 1536w, https:\/\/grenfestival.com\/wp-content\/uploads\/2024\/10\/IMG_20171021_202450-2048x1156.jpg 2048w\" sizes=\"auto, (max-width: 767px) 89vw, (max-width: 1000px) 54vw, (max-width: 1071px) 543px, 580px\" \/><figcaption class=\"wp-element-caption\">dav<\/figcaption><\/figure>\n\n\n\n<figure class=\"wp-block-image size-large\"><img loading=\"lazy\" decoding=\"async\" width=\"1024\" height=\"683\" data-id=\"518\" src=\"https:\/\/grenfestival.com\/wp-content\/uploads\/2024\/10\/Laura-Laune-et-Doc-a-Izel-1024x683.jpg\" alt=\"\" class=\"wp-image-518\" srcset=\"https:\/\/grenfestival.com\/wp-content\/uploads\/2024\/10\/Laura-Laune-et-Doc-a-Izel-1024x683.jpg 1024w, https:\/\/grenfestival.com\/wp-content\/uploads\/2024\/10\/Laura-Laune-et-Doc-a-Izel-300x200.jpg 300w, https:\/\/grenfestival.com\/wp-content\/uploads\/2024\/10\/Laura-Laune-et-Doc-a-Izel-768x512.jpg 768w, https:\/\/grenfestival.com\/wp-content\/uploads\/2024\/10\/Laura-Laune-et-Doc-a-Izel.jpg 1278w\" sizes=\"auto, (max-width: 767px) 89vw, (max-width: 1000px) 54vw, (max-width: 1071px) 543px, 580px\" \/><\/figure>\n\n\n\n<figure class=\"wp-block-image size-large\"><img loading=\"lazy\" decoding=\"async\" width=\"1024\" height=\"683\" data-id=\"519\" src=\"https:\/\/grenfestival.com\/wp-content\/uploads\/2024\/10\/P1050205-1024x683.jpg\" alt=\"\" class=\"wp-image-519\" srcset=\"https:\/\/grenfestival.com\/wp-content\/uploads\/2024\/10\/P1050205-1024x683.jpg 1024w, https:\/\/grenfestival.com\/wp-content\/uploads\/2024\/10\/P1050205-300x200.jpg 300w, https:\/\/grenfestival.com\/wp-content\/uploads\/2024\/10\/P1050205-768x512.jpg 768w, https:\/\/grenfestival.com\/wp-content\/uploads\/2024\/10\/P1050205-1536x1024.jpg 1536w, https:\/\/grenfestival.com\/wp-content\/uploads\/2024\/10\/P1050205-2048x1365.jpg 2048w\" sizes=\"auto, (max-width: 767px) 89vw, (max-width: 1000px) 54vw, (max-width: 1071px) 543px, 580px\" \/><\/figure>\n\n\n\n<figure class=\"wp-block-image size-large\"><img loading=\"lazy\" decoding=\"async\" width=\"1024\" height=\"683\" data-id=\"520\" src=\"https:\/\/grenfestival.com\/wp-content\/uploads\/2024\/10\/P1050197-1024x683.jpg\" alt=\"\" class=\"wp-image-520\" srcset=\"https:\/\/grenfestival.com\/wp-content\/uploads\/2024\/10\/P1050197-1024x683.jpg 1024w, https:\/\/grenfestival.com\/wp-content\/uploads\/2024\/10\/P1050197-300x200.jpg 300w, https:\/\/grenfestival.com\/wp-content\/uploads\/2024\/10\/P1050197-768x512.jpg 768w, https:\/\/grenfestival.com\/wp-content\/uploads\/2024\/10\/P1050197-1536x1024.jpg 1536w, https:\/\/grenfestival.com\/wp-content\/uploads\/2024\/10\/P1050197-2048x1365.jpg 2048w\" sizes=\"auto, (max-width: 767px) 89vw, (max-width: 1000px) 54vw, (max-width: 1071px) 543px, 580px\" \/><\/figure>\n\n\n\n<figure class=\"wp-block-image size-large\"><img loading=\"lazy\" decoding=\"async\" width=\"1024\" height=\"768\" data-id=\"521\" src=\"https:\/\/grenfestival.com\/wp-content\/uploads\/2024\/10\/P1050091-1024x768.jpg\" alt=\"\" class=\"wp-image-521\" srcset=\"https:\/\/grenfestival.com\/wp-content\/uploads\/2024\/10\/P1050091-1024x768.jpg 1024w, https:\/\/grenfestival.com\/wp-content\/uploads\/2024\/10\/P1050091-300x225.jpg 300w, https:\/\/grenfestival.com\/wp-content\/uploads\/2024\/10\/P1050091-768x576.jpg 768w, https:\/\/grenfestival.com\/wp-content\/uploads\/2024\/10\/P1050091-1536x1152.jpg 1536w, https:\/\/grenfestival.com\/wp-content\/uploads\/2024\/10\/P1050091-2048x1536.jpg 2048w\" sizes=\"auto, (max-width: 767px) 89vw, (max-width: 1000px) 54vw, (max-width: 1071px) 543px, 580px\" \/><\/figure>\n<\/figure>\n","protected":false},"excerpt":{"rendered":"<p>Les Z\u2019Amizels est une association loi 1901 qui a vu le jour en novembre 2002. L\u2019objet&nbsp; de celle-ci est de \u00ab&nbsp;r\u00e9unir des jeunes afin de cr\u00e9er des liens entre diff\u00e9rentes tranches&nbsp; d\u2019\u00e2ge, pour proc\u00e9der \u00e0 des activit\u00e9s culturelles, sportives et de loisirs ayant pour int\u00e9r\u00eat le&nbsp; d\u00e9veloppement de la solidarit\u00e9 et des \u00e9changes entre les &hellip; <\/p>\n<p class=\"link-more\"><a href=\"https:\/\/grenfestival.com\/index.php\/qui-sommes-nous\/\" class=\"more-link\">Continuer la lecture<span class=\"screen-reader-text\"> de &laquo;&nbsp;Qui Sommes nous?&nbsp;&raquo;<\/span><\/a><\/p>\n","protected":false},"author":1,"featured_media":227,"parent":0,"menu_order":0,"comment_status":"closed","ping_status":"closed","template":"","meta":{"footnotes":""},"class_list":["post-226","page","type-page","status-publish","has-post-thumbnail","hentry"],"_links":{"self":[{"href":"https:\/\/grenfestival.com\/index.php\/wp-json\/wp\/v2\/pages\/226","targetHints":{"allow":["GET"]}}],"collection":[{"href":"https:\/\/grenfestival.com\/index.php\/wp-json\/wp\/v2\/pages"}],"about":[{"href":"https:\/\/grenfestival.com\/index.php\/wp-json\/wp\/v2\/types\/page"}],"author":[{"embeddable":true,"href":"https:\/\/grenfestival.com\/index.php\/wp-json\/wp\/v2\/users\/1"}],"replies":[{"embeddable":true,"href":"https:\/\/grenfestival.com\/index.php\/wp-json\/wp\/v2\/comments?post=226"}],"version-history":[{"count":4,"href":"https:\/\/grenfestival.com\/index.php\/wp-json\/wp\/v2\/pages\/226\/revisions"}],"predecessor-version":[{"id":522,"href":"https:\/\/grenfestival.com\/index.php\/wp-json\/wp\/v2\/pages\/226\/revisions\/522"}],"wp:featuredmedia":[{"embeddable":true,"href":"https:\/\/grenfestival.com\/index.php\/wp-json\/wp\/v2\/media\/227"}],"wp:attachment":[{"href":"https:\/\/grenfestival.com\/index.php\/wp-json\/wp\/v2\/media?parent=226"}],"curies":[{"name":"wp","href":"https:\/\/api.w.org\/{rel}","templated":true}]}}